.
11, 43
List the prime factors of 30634.
2, 17, 53
List the prime factors of 1179.
3, 131
What are the prime factors of 1466?
2, 733
What are the prime factors of 39631?
39631
What are the prime factors of 14388?
2, 3, 11, 109
What are the prime factors of 10140?
2, 3, 5, 13
What are the prime factors of 1098?
2, 3, 61
List the prime factors of 5288.
2, 661
List the prime factors of 968.
2, 11
List the prime factors of 875.
5, 7
What are the prime factors of 90428?
2, 13, 37, 47
List the prime factors of 99565.
5, 19913
List the prime factors of 8089.
8089
List the prime factors of 105635.
5, 37, 571
What are the prime factors of 1085?
5, 7, 31
What are the prime factors of 19576?
2, 2447
List the prime factors of 8083.
59, 137
What are the prime factors of 800?
2, 5
List the prime factors of 26885.
5, 19, 283
List the prime factors of 28133.
7, 4019
What are the prime factors of 1035?
3, 5, 23
What are the prime factors of 11359?
37, 307
What are the prime factors of 639?
3, 71
List the prime factors of 517.
11, 47
List the prime factors of 5863.
11, 13, 41
What are the prime factors of 2415?
3, 5, 7, 23
List the prime factors of 8853.
3, 13, 227
List the prime factors of 12001.
11, 1091
List the prime factors of 24645.
3, 5, 31, 53
What are the prime factors of 11715?
3, 5, 11, 71
What are the prime factors of 58597?
7, 11, 761
List the prime factors of 30300.
2, 3, 5, 101
What are the prime factors of 6211?
6211
List the prime factors of 6561.
3
List the prime factors of 2249.
13, 173
List the prime factors of 3529.
3529
List the prime factors of 90851.
47, 1933
What are the prime factors of 2147?
19, 113
What are the prime factors of 72904?
2, 13, 701
What are the prime factors of 73?
73
What are the prime factors of 25669?
7, 19, 193
What are the prime factors of 12526?
2, 6263
What are the prime factors of 54099?
3, 6011
List the prime factors of 295.
5, 59
What are the prime factors of 290?
2, 5, 29
What are the prime factors of 8231?
8231
List the prime factors of 3591.
3, 7, 19
List the prime factors of 57546.
2, 3, 23, 139
What are the prime factors of 1245?
3, 5, 83
List the prime factors of 1796.
2, 449
What are the prime factors of 3625?
5, 29
List the prime factors of 1034.
2, 11, 47
What are the prime factors of 19229?
7, 41, 67
What are the prime factors of 694?
2, 347
What are the prime factors of 19572?
2, 3, 7, 233
What are the prime factors of 52292?
2, 17, 769
What are the prime factors of 20281?
17, 1193
What are the prime factors of 7059?
3, 13, 181
What are the prime factors of 436?
2, 109
What are the prime factors of 477?
3, 53
What are the prime factors of 3296?
2, 103
What are the prime factors of 523?
523
List the prime factors of 2631.
3, 877
List the prime factors of 7839.
3, 13, 67
List the prime factors of 604.
2, 151
What are the prime factors of 1115?
5, 223
What are the prime factors of 24644?
2, 61, 101
List the prime factors of 24624.
2, 3, 19
What are the prime factors of 559?
13, 43
List the prime factors of 98366.
2, 137, 359
What are the prime factors of 7433?
7433
List the prime factors of 9868.
2, 2467
List the prime factors of 500.
2, 5
What are the prime factors of 9074?
2, 13, 349
List the prime factors of 106830.
2, 3, 5, 1187
What are the prime factors of 497?
7, 71
List the prime factors of 10468.
2, 2617
List the prime factors of 4201.
4201
What are the prime factors of 57151?
67, 853
List the prime factors of 1323.
3, 7
What are the prime factors of 7314?
2, 3, 23, 53
What are the prime factors of 50935?
5, 61, 167
List the prime factors of 1651.
13, 127
List the prime factors of 16571.
73, 227
List the prime factors of 5943.
3, 7, 283
List the prime factors of 8808.
2, 3, 367
What are the prime factors of 489?
3, 163
What are the prime factors of 1013?
1013
What are the prime factors of 45423?
3, 7, 103
List the prime factors of 6787.
11, 617
List the prime factors of 10029.
3, 3343
List the prime factors of 23275.
5, 7, 19
List the prime factors of 989.
23, 43
List the prime factors of 66706.
2, 33353
List the prime factors of 8514.
2, 3, 11, 43
List the prime factors of 32.
2
What are the prime factors of 922?
2, 461
List the prime factors of 25407.
3, 941
What are the prime factors of 36482?
2, 17, 29, 37
What are the prime factors of 1243?
11, 113
What are the prime factors of 33243?
3, 7, 1583
List the prime factors of 30214.
2, 15107
What are the prime factors of 11566?
2, 5783
List the prime factors of 7025.
5, 281
What are the prime factors of 23825?
5, 953
What are the prime factors of 6213?
3, 19, 109
What are the prime factors of 954?
2, 3, 53
List the prime factors of 55859.
83, 673
What are the prime factors of 13208?
2, 13, 127
What are the prime factors of 1142?
2, 571
What are the prime factors of 1384?
2, 173
List the prime factors of 835.
5, 167
What are the prime factors of 6812?
2, 13, 131
What are the prime factors of 621?
3, 23
What are the prime factors of 27675?
3, 5, 41
List the prime factors of 61445.
5, 12289
What are the prime factors of 10366?
2, 71, 73
What are the prime factors of 1245?
3, 5, 83
List the prime factors of 3512.
2, 439
List the prime factors of 2025.
3, 5
List the prime factors of 2511.
3, 31
List the prime factors of 11651.
61, 191
What are the prime factors of 1565?
5, 313
List the prime factors of 1357.
23, 59
List the prime factors of 1163.
1163
What are the prime factors of 502?
2, 251
List the prime factors of 59969.
7, 13, 659
What are the prime factors of 936?
2, 3, 13
What are the prime factors of 16758?
2, 3, 7, 19
What are the prime factors of 71170?
2, 5, 11, 647
What are the prime factors of 13671?
3, 7, 31
What are the prime factors of 614?
2, 307
List the prime factors of 160.
2, 5
What are the prime factors of 3526?
2, 41, 43
List the prime factors of 1486.
2, 743
What are the prime factors of 1084?
2, 271
What are the prime factors of 1035?
3, 5, 23
What are the prime factors of 15470?
2, 5, 7, 13, 17
List the prime factors of 430.
2, 5, 43
List the prime factors of 21343.
7, 3049
What are the prime factors of 23475?
3, 5, 313
List the prime factors of 796.
2, 199
What are the prime factors of 303?
3, 101
List the prime factors of 3214.
2, 1607
List the prime factors of 9427.
11, 857
List the prime factors of 19393.
11, 41, 43
What are the prime factors of 5769?
3, 641
What are the prime factors of 7619?
19, 401
List the prime factors of 1708.
2, 7, 61
List the prime factors of 5327.
7, 761
List the prime factors of 700.
2, 5, 7
What are the prime factors of 1192?
2, 149
List the prime factors of 7365.
3, 5, 491
List the prime factors of 4709.
17, 277
What are the prime factors of 39131?
109, 359
List the prime factors of 37695.
3, 5, 7, 359
What are the prime factors of 10579?
71, 149
List the prime factors of 375.
3, 5
What are the prime factors of 16933?
7, 41, 59
What are the prime factors of 1884?
2, 3, 157
List the prime factors of 3739.
3739
What are the prime factors of 23731?
19, 1249
List the prime factors of 5939.
5939
What are the prime factors of 8425?
5, 337
List the prime factors of 679.
7, 97
List the prime factors of 4707.
3, 523
List the prime factors of 25561.
25561
What are the prime factors of 59504?
2, 3719
What are the prime factors of 3483?
3, 43
What are the prime factors of 120378?
2, 3, 20063
What are the prime factors of 49231?
7, 13, 541
What are the prime factors of 5917?
61, 97
List the prime factors of 3801.
3, 7, 181
List the prime factors of 456.
2, 3, 19
List the prime factors of 1474.
2, 11, 67
What are the prime factors of 27557?
17, 1621
List the prime factors of 995.
5, 199
What are the prime factors of 52906?
2, 7, 3779
What are the prime factors of 1739?
37, 47
What are the prime factors of 55298?
2, 43, 643
What are the prime factors of 56511?
3, 7, 13, 23
List the prime factors of 8831.
8831
What are the prime factors of 2713?
2713
What are the prime factors of 764?
2, 191
List the prime factors of 5210.
2, 5, 521
What are the prime factors of 52900?
2, 5, 23
List the prime factors of 83147.
17, 67, 73
What are the prime factors of 2096?
2, 131
What are the prime factors of 4506?
2, 3, 751
What are the prime factors of 2119?
13, 163
List the prime factors of 56555.
5, 11311
List th